{"id":1576,"date":"2020-01-29T16:30:50","date_gmt":"2020-01-29T15:30:50","guid":{"rendered":"http:\/\/jeanjeanfilms.fr\/?page_id=1576"},"modified":"2020-01-29T16:30:50","modified_gmt":"2020-01-29T15:30:50","slug":"shakespeares-ghosts-2018","status":"publish","type":"page","link":"https:\/\/jeanjeanfilms.fr\/index.php\/captations-teasers\/shakespeares-ghosts-2018\/","title":{"rendered":"Shakespeare&rsquo;s ghosts (2018)"},"content":{"rendered":"<div id=\"pl-1576\"  class=\"panel-layout\" ><div id=\"pg-1576-0\"  class=\"panel-grid panel-no-style\" ><div id=\"pgc-1576-0-0\"  class=\"panel-grid-cell\" ><div id=\"panel-1576-0-0-0\" class=\"so-panel widget widget_themegrill_flash_heading tg-widget section-title-wrapper panel-first-child panel-last-child\" data-index=\"0\" >\t<h3 class=\"section-title\">Shakespeare&#039;s ghosts : teaser<\/h3>\n<\/div><\/div><\/div><div id=\"pg-1576-1\"  class=\"panel-grid panel-no-style\" ><div id=\"pgc-1576-1-0\"  class=\"panel-grid-cell\" ><div id=\"panel-1576-1-0-0\" class=\"so-panel widget widget_text panel-first-child panel-last-child\" data-index=\"1\" >\t\t\t<div class=\"textwidget\"><p>Prises de vue pour le teaser r\u00e9alis\u00e9es en septembre 2018 lors du festival Chariot en sc\u00e8ne \u00e0 Sathonay-Camp.<\/p>\n<p><em>Shakespeare&rsquo;s ghosts<\/em> est une pi\u00e8ce de th\u00e9\u00e2tre immersive et d\u00e9ambulatoire d&rsquo;apr\u00e8s Rom\u00e9o et Juliette de la <a href=\"http:\/\/chariotdethespis.net\/\" target=\"_blank\" rel=\"noopener\">Compagnie Thespis<\/a>.<\/p>\n<p>Mise en sc\u00e8ne : <strong>Lysiane Cl\u00e9ment<\/strong> et <strong>Thai-Son Richardier<br \/>\n<\/strong>Cr\u00e9ation lumi\u00e8re et r\u00e9gie : <strong>Bastien G\u00e9rard<\/strong><br \/>\nR\u00e9gie son : <strong>Quentin Pallier<\/strong><br \/>\nCostumes et sc\u00e9nographie : <strong>Lysiane Cl\u00e9ment<\/strong><br \/>\nCr\u00e9ation sonore et musique live : <strong>Olivier Gailly<br \/>\n<\/strong>Distribution : <strong>Manon Barth\u00e9l\u00e9my<\/strong>, <strong>David Bescond<\/strong>, <strong>Lo\u00efc Bonnet<\/strong>, <strong>Victor Bratovic<\/strong>, <strong>Bruno Campelo<\/strong>, <strong>Lysiane Cl\u00e9ment<\/strong>, <strong>Yann Ducruet<\/strong>, <strong>Mellie Melzassard<\/strong>, <strong>Nicolas Mo\u00efsy<\/strong>, <strong>Maud Roussel<\/strong>, <strong>Thai-Son Richardier<\/strong> et <strong>Laurent Secco<\/strong>.<\/p>\n<p>En savoir + sur le spectacle <a href=\"http:\/\/chariotdethespis.net\/les-spectacles\/shakespeares-ghosts\/\" target=\"_blank\" rel=\"noopener\">ici<\/a><\/p>\n<\/div>\n\t\t<\/div><\/div><\/div><div id=\"pg-1576-2\"  class=\"panel-grid panel-no-style\" ><div id=\"pgc-1576-2-0\"  class=\"panel-grid-cell\" ><div id=\"panel-1576-2-0-0\" class=\"so-panel widget widget_themegrill_flash_heading tg-widget section-title-wrapper panel-first-child panel-last-child\" data-index=\"2\" >\t<h3 class=\"section-title\">Teaser<\/h3>\n<\/div><\/div><\/div><div id=\"pg-1576-3\"  class=\"panel-grid panel-no-style\" ><div id=\"pgc-1576-3-0\"  class=\"panel-grid-cell\" ><div id=\"panel-1576-3-0-0\" class=\"so-panel widget widget_media_video panel-first-child panel-last-child\" data-index=\"3\" ><div style=\"width:100%;\" class=\"wp-video\"><video class=\"wp-video-shortcode\" id=\"video-1576-1\" preload=\"metadata\" controls=\"controls\"><source type=\"video\/youtube\" src=\"https:\/\/youtu.be\/V-IFcuuxj70?_=1\" \/><a href=\"https:\/\/youtu.be\/V-IFcuuxj70\">https:\/\/youtu.be\/V-IFcuuxj70<\/a><\/video><\/div><\/div><\/div><\/div><div id=\"pg-1576-4\"  class=\"panel-grid panel-no-style\" ><div id=\"pgc-1576-4-0\"  class=\"panel-grid-cell\" ><div id=\"panel-1576-4-0-0\" class=\"so-panel widget widget_text panel-first-child panel-last-child\" data-index=\"4\" >\t\t\t<div class=\"textwidget\"><p>&nbsp;<\/p>\n<\/div>\n\t\t<\/div><\/div><\/div><\/div>","protected":false},"excerpt":{"rendered":"<p>Prises de vue pour le teaser r\u00e9alis\u00e9es en septembre 2018 lors du festival Chariot en sc\u00e8ne \u00e0 Sathonay-Camp. Shakespeare&rsquo;s ghosts [&hellip;]<\/p>\n","protected":false},"author":1,"featured_media":0,"parent":1548,"menu_order":0,"comment_status":"closed","ping_status":"closed","template":"","meta":{"_monsterinsights_skip_tracking":false,"_monsterinsights_sitenote_active":false,"_monsterinsights_sitenote_note":"","_monsterinsights_sitenote_category":0,"footnotes":""},"class_list":["post-1576","page","type-page","status-publish","hentry"],"_links":{"self":[{"href":"https:\/\/jeanjeanfilms.fr\/index.php\/wp-json\/wp\/v2\/pages\/1576","targetHints":{"allow":["GET"]}}],"collection":[{"href":"https:\/\/jeanjeanfilms.fr\/index.php\/wp-json\/wp\/v2\/pages"}],"about":[{"href":"https:\/\/jeanjeanfilms.fr\/index.php\/wp-json\/wp\/v2\/types\/page"}],"author":[{"embeddable":true,"href":"https:\/\/jeanjeanfilms.fr\/index.php\/wp-json\/wp\/v2\/users\/1"}],"replies":[{"embeddable":true,"href":"https:\/\/jeanjeanfilms.fr\/index.php\/wp-json\/wp\/v2\/comments?post=1576"}],"version-history":[{"count":2,"href":"https:\/\/jeanjeanfilms.fr\/index.php\/wp-json\/wp\/v2\/pages\/1576\/revisions"}],"predecessor-version":[{"id":1578,"href":"https:\/\/jeanjeanfilms.fr\/index.php\/wp-json\/wp\/v2\/pages\/1576\/revisions\/1578"}],"up":[{"embeddable":true,"href":"https:\/\/jeanjeanfilms.fr\/index.php\/wp-json\/wp\/v2\/pages\/1548"}],"wp:attachment":[{"href":"https:\/\/jeanjeanfilms.fr\/index.php\/wp-json\/wp\/v2\/media?parent=1576"}],"curies":[{"name":"wp","href":"https:\/\/api.w.org\/{rel}","templated":true}]}}