{"id":2289,"date":"2023-01-16T00:37:14","date_gmt":"2023-01-15T23:37:14","guid":{"rendered":"https:\/\/jeanjeanfilms.fr\/?page_id=2289"},"modified":"2023-01-16T00:37:14","modified_gmt":"2023-01-15T23:37:14","slug":"recto-verso-2022","status":"publish","type":"page","link":"https:\/\/jeanjeanfilms.fr\/index.php\/captations-teasers\/recto-verso-2022\/","title":{"rendered":"RectO VersO (2022)"},"content":{"rendered":"<div id=\"pl-2289\"  class=\"panel-layout\" ><div id=\"pg-2289-0\"  class=\"panel-grid panel-no-style\" ><div id=\"pgc-2289-0-0\"  class=\"panel-grid-cell\" ><div id=\"panel-2289-0-0-0\" class=\"so-panel widget widget_themegrill_flash_heading tg-widget section-title-wrapper panel-first-child panel-last-child\" data-index=\"0\" >\t<h3 class=\"section-title\">RectO versO : captation et teaser<\/h3>\n<\/div><\/div><\/div><div id=\"pg-2289-1\"  class=\"panel-grid panel-no-style\" ><div id=\"pgc-2289-1-0\"  class=\"panel-grid-cell\" ><div id=\"panel-2289-1-0-0\" class=\"so-panel widget widget_text panel-first-child panel-last-child\" data-index=\"1\" >\t\t\t<div class=\"textwidget\"><p>Captation r\u00e9alis\u00e9e en avril 2022 \u00e0 la MJC Duch\u00e8re \u00e0 Lyon.<\/p>\n<p><i>RectO VersO <\/i>est une pi\u00e8ce de th\u00e9\u00e2tre de masque de la compagnie XOXO.<\/p>\n<div dir=\"auto\">Sc\u00e9nario, mise en sc\u00e8ne et jeu :\u00a0<strong>Nicolas Mo\u00efsy<\/strong> et <strong>Alexandra Nicola\u00efdis<\/strong><br \/>\nVioloncelle :<strong> Florian Laforge<\/strong><\/div>\n<\/div>\n\t\t<\/div><\/div><\/div><div id=\"pg-2289-2\"  class=\"panel-grid panel-no-style\" ><div id=\"pgc-2289-2-0\"  class=\"panel-grid-cell\" ><div id=\"panel-2289-2-0-0\" class=\"so-panel widget widget_text panel-first-child panel-last-child\" data-index=\"2\" >\t\t\t<div class=\"textwidget\"><p>&nbsp;<\/p>\n<\/div>\n\t\t<\/div><\/div><\/div><div id=\"pg-2289-3\"  class=\"panel-grid panel-no-style\" ><div id=\"pgc-2289-3-0\"  class=\"panel-grid-cell\" ><div id=\"panel-2289-3-0-0\" class=\"so-panel widget widget_themegrill_flash_heading tg-widget section-title-wrapper panel-first-child panel-last-child\" data-index=\"3\" >\t<h3 class=\"section-title\">Teaser<\/h3>\n<\/div><\/div><\/div><div id=\"pg-2289-4\"  class=\"panel-grid panel-no-style\" ><div id=\"pgc-2289-4-0\"  class=\"panel-grid-cell\" ><div id=\"panel-2289-4-0-0\" class=\"so-panel widget widget_media_video panel-first-child panel-last-child\" data-index=\"4\" ><div style=\"width:100%;\" class=\"wp-video\"><video class=\"wp-video-shortcode\" id=\"video-2289-1\" preload=\"metadata\" controls=\"controls\"><source type=\"video\/youtube\" src=\"https:\/\/youtu.be\/dvvTkttsFdQ?_=1\" \/><a href=\"https:\/\/youtu.be\/dvvTkttsFdQ\">https:\/\/youtu.be\/dvvTkttsFdQ<\/a><\/video><\/div><\/div><\/div><\/div><div id=\"pg-2289-5\"  class=\"panel-grid panel-no-style\" ><div id=\"pgc-2289-5-0\"  class=\"panel-grid-cell\" ><div id=\"panel-2289-5-0-0\" class=\"so-panel widget widget_text panel-first-child panel-last-child\" data-index=\"5\" >\t\t\t<div class=\"textwidget\"><p>&nbsp;<\/p>\n<\/div>\n\t\t<\/div><\/div><\/div><\/div>","protected":false},"excerpt":{"rendered":"<p>Captation r\u00e9alis\u00e9e en avril 2022 \u00e0 la MJC Duch\u00e8re \u00e0 Lyon. RectO VersO est une pi\u00e8ce de th\u00e9\u00e2tre de masque [&hellip;]<\/p>\n","protected":false},"author":1,"featured_media":0,"parent":1548,"menu_order":0,"comment_status":"closed","ping_status":"closed","template":"","meta":{"_monsterinsights_skip_tracking":false,"_monsterinsights_sitenote_active":false,"_monsterinsights_sitenote_note":"","_monsterinsights_sitenote_category":0,"footnotes":""},"class_list":["post-2289","page","type-page","status-publish","hentry"],"_links":{"self":[{"href":"https:\/\/jeanjeanfilms.fr\/index.php\/wp-json\/wp\/v2\/pages\/2289","targetHints":{"allow":["GET"]}}],"collection":[{"href":"https:\/\/jeanjeanfilms.fr\/index.php\/wp-json\/wp\/v2\/pages"}],"about":[{"href":"https:\/\/jeanjeanfilms.fr\/index.php\/wp-json\/wp\/v2\/types\/page"}],"author":[{"embeddable":true,"href":"https:\/\/jeanjeanfilms.fr\/index.php\/wp-json\/wp\/v2\/users\/1"}],"replies":[{"embeddable":true,"href":"https:\/\/jeanjeanfilms.fr\/index.php\/wp-json\/wp\/v2\/comments?post=2289"}],"version-history":[{"count":2,"href":"https:\/\/jeanjeanfilms.fr\/index.php\/wp-json\/wp\/v2\/pages\/2289\/revisions"}],"predecessor-version":[{"id":2291,"href":"https:\/\/jeanjeanfilms.fr\/index.php\/wp-json\/wp\/v2\/pages\/2289\/revisions\/2291"}],"up":[{"embeddable":true,"href":"https:\/\/jeanjeanfilms.fr\/index.php\/wp-json\/wp\/v2\/pages\/1548"}],"wp:attachment":[{"href":"https:\/\/jeanjeanfilms.fr\/index.php\/wp-json\/wp\/v2\/media?parent=2289"}],"curies":[{"name":"wp","href":"https:\/\/api.w.org\/{rel}","templated":true}]}}