{"id":2355,"date":"2023-11-20T16:21:06","date_gmt":"2023-11-20T15:21:06","guid":{"rendered":"https:\/\/jeanjeanfilms.fr\/?page_id=2355"},"modified":"2025-01-07T10:00:41","modified_gmt":"2025-01-07T09:00:41","slug":"encore-un-matin-2024","status":"publish","type":"page","link":"https:\/\/jeanjeanfilms.fr\/index.php\/courts-metrages\/encore-un-matin-2024\/","title":{"rendered":"Encore un matin (2024)"},"content":{"rendered":"<div id=\"pl-2355\"  class=\"panel-layout\" ><div id=\"pg-2355-0\"  class=\"panel-grid panel-no-style\" ><div id=\"pgc-2355-0-0\"  class=\"panel-grid-cell\" ><div id=\"panel-2355-0-0-0\" class=\"so-panel widget widget_themegrill_flash_heading tg-widget section-title-wrapper panel-first-child panel-last-child\" data-index=\"0\" >\t<h3 class=\"section-title\">Encore un matin : synopsis<\/h3>\n<\/div><\/div><\/div><div id=\"pg-2355-1\"  class=\"panel-grid panel-no-style\" ><div id=\"pgc-2355-1-0\"  class=\"panel-grid-cell\" ><div id=\"panel-2355-1-0-0\" class=\"so-panel widget widget_themegrill_flash_image tg-widget tg-image-widget panel-first-child panel-last-child\" data-index=\"1\" >\t<img decoding=\"async\" src=\"http:\/\/jeanjeanfilms.fr\/wp-content\/uploads\/2025\/01\/affiche_Encoreunmatin_vf_2025_SFM.jpg\" \/>\n<\/div><\/div><div id=\"pgc-2355-1-1\"  class=\"panel-grid-cell\" ><div id=\"panel-2355-1-1-0\" class=\"so-panel widget widget_siteorigin-panels-builder panel-first-child panel-last-child\" data-index=\"2\" ><div id=\"pl-w655b85c383857\"  class=\"panel-layout\" ><div id=\"pg-w655b85c383857-0\"  class=\"panel-grid panel-no-style\" ><div id=\"pgc-w655b85c383857-0-0\"  class=\"panel-grid-cell\" ><div id=\"panel-w655b85c383857-0-0-0\" class=\"so-panel widget widget_text panel-first-child panel-last-child\" data-index=\"0\" >\t\t\t<div class=\"textwidget\"><p><span style=\"font-weight: 400;\">Chlo\u00e9, jeune femme de 28 ans, travaille dans l&rsquo;humanitaire et vient d\u2019acc\u00e9der \u00e0 un nouveau poste \u00e0 responsabilit\u00e9 au si\u00e8ge d\u2019une ONG importante, apr\u00e8s plusieurs ann\u00e9es de missions sur le terrain. Sur une p\u00e9riode d\u2019un an et demi, le film suit les \u00e9preuves que ce nouveau poste va amener dans la vie de Chlo\u00e9, et ses cons\u00e9quences sur sa relation de couple, sa relation avec sa famille, ses amis.\u00a0 <\/span><\/p>\n<\/div>\n\t\t<\/div><\/div><\/div><\/div><\/div><\/div><\/div><div id=\"pg-2355-2\"  class=\"panel-grid panel-no-style\" ><div id=\"pgc-2355-2-0\"  class=\"panel-grid-cell\" ><div id=\"panel-2355-2-0-0\" class=\"so-panel widget widget_text panel-first-child panel-last-child\" data-index=\"3\" >\t\t\t<div class=\"textwidget\"><p>&nbsp;<\/p>\n<\/div>\n\t\t<\/div><\/div><\/div><div id=\"pg-2355-3\"  class=\"panel-grid panel-no-style\" ><div id=\"pgc-2355-3-0\"  class=\"panel-grid-cell\" ><div id=\"panel-2355-3-0-0\" class=\"so-panel widget widget_themegrill_flash_heading tg-widget section-title-wrapper panel-first-child\" data-index=\"4\" >\t<h3 class=\"section-title\">Moyen-m\u00e9trage<\/h3>\n<\/div><div id=\"panel-2355-3-0-1\" class=\"so-panel widget widget_text panel-last-child\" data-index=\"5\" >\t\t\t<div class=\"textwidget\"><p class=\"first\"><em>Encore un matin<\/em> est un moyen-m\u00e9trage r\u00e9alis\u00e9 par Camille Borie et Thiebault Gu\u00e9rin, qui montre les coulisses d\u2019un burn-out dans un domaine souvent fantasm\u00e9 : l\u2019humanitaire. Le film est inspir\u00e9 d\u2019une histoire vraie, celle de Camille Borie. Pour financer les frais de tournage du film, du mat\u00e9riel son de haute qualit\u00e9 et des \u00e9l\u00e9ments de d\u00e9cor, une <a href=\"https:\/\/fr.ulule.com\/encore-un-matin\/\" target=\"_blank\" rel=\"noopener\">campagne de crowdfunding<\/a> a \u00e9t\u00e9 lanc\u00e9e sur Ulule et a rassembl\u00e9 100 contributeurs et contributrices.<\/p>\n<p>Le court-m\u00e9trage a \u00e9t\u00e9 labellis\u00e9 \u00ab\u00a0Short film market picks\u00a0\u00bb : il fait partie des 346 films labellis\u00e9s par les diff\u00e9rents comit\u00e9s de s\u00e9lection du <a class=\"TSUUmBLgCBYgbinAiiknGsAHecRSeNvu \" href=\"https:\/\/clermont-filmfest.org\/\" target=\"_blank\" rel=\"noopener\" data-test-app-aware-link=\"\">Festival du court m\u00e9trage de Clermont-Ferrand<\/a> sur les pr\u00e8s de 9 000 films soumis.<br \/>\nPour en savoir +, cliquez <a href=\"https:\/\/jeanjeanfilms.fr\/index.php\/2025\/01\/07\/label-encore-un-matin-labellise-short-film-market-picks\/\" target=\"_blank\" rel=\"noopener\">ici<\/a>.<\/p>\n<p>&nbsp;<\/p>\n<\/div>\n\t\t<\/div><\/div><\/div><div id=\"pg-2355-4\"  class=\"panel-grid panel-no-style\" ><div id=\"pgc-2355-4-0\"  class=\"panel-grid-cell panel-grid-cell-empty\" ><\/div><\/div><div id=\"pg-2355-5\"  class=\"panel-grid panel-no-style\" ><div id=\"pgc-2355-5-0\"  class=\"panel-grid-cell panel-grid-cell-empty\" ><\/div><div id=\"pgc-2355-5-1\"  class=\"panel-grid-cell panel-grid-cell-mobile-last\" ><div id=\"panel-2355-5-1-0\" class=\"so-panel widget widget_themegrill_flash_slider tg-section tg-slider-widget panel-first-child panel-last-child\" data-index=\"6\" ><div class=\"tg-slider-widget slider-light slider-content-center  full-width\">\n\t<div class=\"swiper-container\">\n\t\t<div class=\"swiper-wrapper\">\n\t\t\t\n\t\t\t\t\t<div class=\"swiper-slide\">\n\t\t\t\t\t\t<figure class=\"slider-image\" >\n\t\t\t\t\t\t\t<img fetchpriority=\"high\" width=\"1824\" height=\"1368\"\t\t\t\t\t\t\t\t\tsrc=\"http:\/\/jeanjeanfilms.fr\/wp-content\/uploads\/2023\/11\/Encore-un-matin-tournage-4.jpg\"\n\t\t\t\t\t\t\t\t\talt=\"Encore un matin photo tournage\"\n\t\t\t\t\t\t\t\t\ttitle=\"\"\/>\n\t\t\t\t\t\t\t<div class=\"overlay\"><\/div>\n\t\t\t\t\t\t<\/figure>\n\t\t\t\t\t\t<div class=\"slider-content\">\n\t\t\t\t\t\t\t<div class=\"tg-container\">\n\t\t\t\t\t\t\t\t<div class=\"caption-title\"><\/div>\n\t\t\t\t\t\t\t\t<div class=\"caption-desc\"><\/div>\n\t\t\t\t\t\t\t\t\t\t\t\t\t\t\t<\/div>\n\t\t\t\t\t\t<\/div>\n\t\t\t\t\t<\/div>\n\n\t\t\t\t\n\t\t\t\t\t<div class=\"swiper-slide\">\n\t\t\t\t\t\t<figure class=\"slider-image\" >\n\t\t\t\t\t\t\t<img width=\"2048\" height=\"1536\"\t\t\t\t\t\t\t\t\tsrc=\"http:\/\/jeanjeanfilms.fr\/wp-content\/uploads\/2023\/11\/Encore-un-matin-tournage-2.jpg\"\n\t\t\t\t\t\t\t\t\talt=\"Encore un matin photo tournage\"\n\t\t\t\t\t\t\t\t\ttitle=\"\"\/>\n\t\t\t\t\t\t\t<div class=\"overlay\"><\/div>\n\t\t\t\t\t\t<\/figure>\n\t\t\t\t\t\t<div class=\"slider-content\">\n\t\t\t\t\t\t\t<div class=\"tg-container\">\n\t\t\t\t\t\t\t\t<div class=\"caption-title\"><\/div>\n\t\t\t\t\t\t\t\t<div class=\"caption-desc\"><\/div>\n\t\t\t\t\t\t\t\t\t\t\t\t\t\t\t<\/div>\n\t\t\t\t\t\t<\/div>\n\t\t\t\t\t<\/div>\n\n\t\t\t\t\n\t\t\t\t\t<div class=\"swiper-slide\">\n\t\t\t\t\t\t<figure class=\"slider-image\" >\n\t\t\t\t\t\t\t<img width=\"1024\" height=\"683\"\t\t\t\t\t\t\t\t\tsrc=\"http:\/\/jeanjeanfilms.fr\/wp-content\/uploads\/2023\/11\/Encore-un-matin-tournage-7.jpg\"\n\t\t\t\t\t\t\t\t\talt=\"Encore un matin photo tournage\"\n\t\t\t\t\t\t\t\t\ttitle=\"\"\/>\n\t\t\t\t\t\t\t<div class=\"overlay\"><\/div>\n\t\t\t\t\t\t<\/figure>\n\t\t\t\t\t\t<div class=\"slider-content\">\n\t\t\t\t\t\t\t<div class=\"tg-container\">\n\t\t\t\t\t\t\t\t<div class=\"caption-title\"><\/div>\n\t\t\t\t\t\t\t\t<div class=\"caption-desc\"><\/div>\n\t\t\t\t\t\t\t\t\t\t\t\t\t\t\t<\/div>\n\t\t\t\t\t\t<\/div>\n\t\t\t\t\t<\/div>\n\n\t\t\t\t\n\t\t\t\t\t<div class=\"swiper-slide\">\n\t\t\t\t\t\t<figure class=\"slider-image\" >\n\t\t\t\t\t\t\t<img loading=\"lazy\" width=\"1600\" height=\"1200\"\t\t\t\t\t\t\t\t\tsrc=\"http:\/\/jeanjeanfilms.fr\/wp-content\/uploads\/2023\/11\/Encore-un-matin-tournage-6.jpg\"\n\t\t\t\t\t\t\t\t\talt=\"Encore un matin photo tournage\"\n\t\t\t\t\t\t\t\t\ttitle=\"\"\/>\n\t\t\t\t\t\t\t<div class=\"overlay\"><\/div>\n\t\t\t\t\t\t<\/figure>\n\t\t\t\t\t\t<div class=\"slider-content\">\n\t\t\t\t\t\t\t<div class=\"tg-container\">\n\t\t\t\t\t\t\t\t<div class=\"caption-title\"><\/div>\n\t\t\t\t\t\t\t\t<div class=\"caption-desc\"><\/div>\n\t\t\t\t\t\t\t\t\t\t\t\t\t\t\t<\/div>\n\t\t\t\t\t\t<\/div>\n\t\t\t\t\t<\/div>\n\n\t\t\t\t\n\t\t\t\t\t<div class=\"swiper-slide\">\n\t\t\t\t\t\t<figure class=\"slider-image\" >\n\t\t\t\t\t\t\t<img loading=\"lazy\" width=\"1824\" height=\"1368\"\t\t\t\t\t\t\t\t\tsrc=\"http:\/\/jeanjeanfilms.fr\/wp-content\/uploads\/2023\/11\/Encore-un-matin-tournage-5.jpg\"\n\t\t\t\t\t\t\t\t\talt=\"Encore un matin photo tournage\"\n\t\t\t\t\t\t\t\t\ttitle=\"\"\/>\n\t\t\t\t\t\t\t<div class=\"overlay\"><\/div>\n\t\t\t\t\t\t<\/figure>\n\t\t\t\t\t\t<div class=\"slider-content\">\n\t\t\t\t\t\t\t<div class=\"tg-container\">\n\t\t\t\t\t\t\t\t<div class=\"caption-title\"><\/div>\n\t\t\t\t\t\t\t\t<div class=\"caption-desc\"><\/div>\n\t\t\t\t\t\t\t\t\t\t\t\t\t\t\t<\/div>\n\t\t\t\t\t\t<\/div>\n\t\t\t\t\t<\/div>\n\n\t\t\t\t\t\t<\/div>\n\t\t<div class=\"swiper-pagination\"><\/div>\n\t\t<div class=\"slider-arrow\">\n\t\t\t<div class=\"swiper-button-next\"><\/div>\n\t\t\t<div class=\"swiper-button-prev\"><\/div>\n\t\t<\/div>\n\t<\/div>\n<\/div>\n<\/div><\/div><div id=\"pgc-2355-5-2\"  class=\"panel-grid-cell panel-grid-cell-empty\" ><\/div><\/div><div id=\"pg-2355-6\"  class=\"panel-grid panel-no-style\" ><div id=\"pgc-2355-6-0\"  class=\"panel-grid-cell panel-grid-cell-empty\" ><\/div><\/div><div id=\"pg-2355-7\"  class=\"panel-grid panel-no-style\" ><div id=\"pgc-2355-7-0\"  class=\"panel-grid-cell\" ><div id=\"panel-2355-7-0-0\" class=\"so-panel widget widget_text panel-first-child panel-last-child\" data-index=\"7\" >\t\t\t<div class=\"textwidget\"><p>&nbsp;<\/p>\n<\/div>\n\t\t<\/div><\/div><\/div><div id=\"pg-2355-8\"  class=\"panel-grid panel-no-style\" ><div id=\"pgc-2355-8-0\"  class=\"panel-grid-cell\" ><div id=\"panel-2355-8-0-0\" class=\"so-panel widget widget_themegrill_flash_heading tg-widget section-title-wrapper panel-first-child panel-last-child\" data-index=\"8\" >\t<h3 class=\"section-title\">L&#039;\u00e9quipe du film<\/h3>\n<\/div><\/div><\/div><div id=\"pg-2355-9\"  class=\"panel-grid panel-no-style\" ><div id=\"pgc-2355-9-0\"  class=\"panel-grid-cell\" ><div id=\"panel-2355-9-0-0\" class=\"so-panel widget widget_text panel-first-child\" data-index=\"9\" ><h3 class=\"widget-title\">R\u00e9alisation<\/h3>\t\t\t<div class=\"textwidget\"><p><strong>Camille Borie et Thiebault Gu\u00e9rin<br \/>\n<\/strong><\/p>\n<\/div>\n\t\t<\/div><div id=\"panel-2355-9-0-1\" class=\"so-panel widget widget_text\" data-index=\"10\" ><h3 class=\"widget-title\">Sc\u00e9nario<\/h3>\t\t\t<div class=\"textwidget\"><p><strong>Camille Borie<\/strong><\/p>\n<\/div>\n\t\t<\/div><div id=\"panel-2355-9-0-2\" class=\"so-panel widget widget_text panel-last-child\" data-index=\"11\" ><h3 class=\"widget-title\">Acteurs et actrices<\/h3>\t\t\t<div class=\"textwidget\"><div dir=\"auto\">Chlo\u00e9 : <strong>Savannah Rol<\/strong><\/div>\n<div dir=\"auto\">Romain : <strong>Thomas Rortais <\/strong><\/div>\n<div dir=\"auto\">Mathieu : <strong>C\u00f4me Thieulin<\/strong><\/div>\n<div dir=\"auto\">Nora : <strong>Mathilde Saillant <\/strong><\/div>\n<div dir=\"auto\">Liza : <strong>Lysiane Cl\u00e9ment <\/strong><\/div>\n<div dir=\"auto\">Juliette : <strong>Lucile Marianne <\/strong><\/div>\n<div dir=\"auto\">Marc : <strong>Micka\u00ebl Pinelli <\/strong><\/div>\n<div dir=\"auto\">La m\u00e8re : <strong>Anne de Boissy <\/strong><\/div>\n<div dir=\"auto\">Le p\u00e8re : <strong>G\u00e9rald Robert-Tissot <\/strong><\/div>\n<div dir=\"auto\">La grand-m\u00e8re : <strong>V\u00e9ronique Kapoian<\/strong><\/div>\n<div dir=\"auto\">Thelma : <strong>Mano\u00e9 Richardier\u00a0<\/strong><\/div>\n<div dir=\"auto\">Kate : <strong>Vinora Epp<\/strong><\/div>\n<div dir=\"auto\">Paul : <strong>Simon Alop\u00e9<\/strong><\/div>\n<div dir=\"auto\">Alice et doublure Chlo\u00e9 : <strong>Cl\u00e9mentine Se\u00eft\u00e9<\/strong><\/div>\n<div dir=\"auto\">La responsable RH : <strong>Manon Gauthier<\/strong><\/div>\n<div dir=\"auto\">Tha\u00ef-Sun : <strong>Thai-Son Richardier\u00a0<\/strong><\/div>\n<div dir=\"auto\">Le m\u00e9decin : <strong>Nicolas Mo\u00efsy<\/strong><\/div>\n<div dir=\"auto\">Le fr\u00e8re : <strong>Lucas Blanes<\/strong><\/div>\n<div dir=\"auto\">Nicolas : <strong>Lo\u00efc Bonnet<\/strong><\/div>\n<div dir=\"auto\">L&rsquo;\u00e9tudiant en m\u00e9decine : <strong>Briac Vanney\u00a0<\/strong><\/div>\n<div dir=\"auto\"><\/div>\n<\/div>\n\t\t<\/div><\/div><div id=\"pgc-2355-9-1\"  class=\"panel-grid-cell\" ><div id=\"panel-2355-9-1-0\" class=\"so-panel widget widget_text panel-first-child\" data-index=\"12\" ><h3 class=\"widget-title\">\u00c9quipe technique<\/h3>\t\t\t<div class=\"textwidget\"><p>Chef op\u00e9rateur : <b>Thiebault Gu\u00e9rin<br \/>\n<\/b>Cadreur et cadreuses : <strong>Brice Blondel<\/strong>, <strong>Cl\u00e9mentine Se\u00eft\u00e9<\/strong> et <strong>Charlotte Notteghem<br \/>\n<\/strong>Technicien lumi\u00e8re et son : <strong>Jean Buffard<br \/>\n<\/strong><b><\/b>Costumes : <strong>Lucile Marianne<br \/>\n<\/strong>D\u00e9cors : <strong>Camille Borie<br \/>\n<\/strong>Montage : <strong>Thiebault Gu\u00e9rin<\/strong><\/p>\n<\/div>\n\t\t<\/div><div id=\"panel-2355-9-1-1\" class=\"so-panel widget widget_text panel-last-child\" data-index=\"13\" ><h3 class=\"widget-title\">Musique<\/h3>\t\t\t<div class=\"textwidget\"><p>Musique originale : <strong>Benjamin Richardier<\/strong><\/p>\n<p>Cr\u00e9dits musicaux : <strong>J\u00e9r\u00e9mie Esperet, Animali, Mati\u00e8re sombre<\/strong><\/p>\n<\/div>\n\t\t<\/div><\/div><\/div><\/div>","protected":false},"excerpt":{"rendered":"<p>Encore un matin : synopsis Chlo\u00e9, jeune femme de 28 ans, travaille dans l&rsquo;humanitaire et vient d\u2019acc\u00e9der \u00e0 un nouveau [&hellip;]<\/p>\n","protected":false},"author":1,"featured_media":2607,"parent":1453,"menu_order":0,"comment_status":"closed","ping_status":"closed","template":"","meta":{"_monsterinsights_skip_tracking":false,"_monsterinsights_sitenote_active":false,"_monsterinsights_sitenote_note":"","_monsterinsights_sitenote_category":0,"footnotes":""},"class_list":["post-2355","page","type-page","status-publish","has-post-thumbnail","hentry"],"_links":{"self":[{"href":"https:\/\/jeanjeanfilms.fr\/index.php\/wp-json\/wp\/v2\/pages\/2355","targetHints":{"allow":["GET"]}}],"collection":[{"href":"https:\/\/jeanjeanfilms.fr\/index.php\/wp-json\/wp\/v2\/pages"}],"about":[{"href":"https:\/\/jeanjeanfilms.fr\/index.php\/wp-json\/wp\/v2\/types\/page"}],"author":[{"embeddable":true,"href":"https:\/\/jeanjeanfilms.fr\/index.php\/wp-json\/wp\/v2\/users\/1"}],"replies":[{"embeddable":true,"href":"https:\/\/jeanjeanfilms.fr\/index.php\/wp-json\/wp\/v2\/comments?post=2355"}],"version-history":[{"count":13,"href":"https:\/\/jeanjeanfilms.fr\/index.php\/wp-json\/wp\/v2\/pages\/2355\/revisions"}],"predecessor-version":[{"id":2610,"href":"https:\/\/jeanjeanfilms.fr\/index.php\/wp-json\/wp\/v2\/pages\/2355\/revisions\/2610"}],"up":[{"embeddable":true,"href":"https:\/\/jeanjeanfilms.fr\/index.php\/wp-json\/wp\/v2\/pages\/1453"}],"wp:featuredmedia":[{"embeddable":true,"href":"https:\/\/jeanjeanfilms.fr\/index.php\/wp-json\/wp\/v2\/media\/2607"}],"wp:attachment":[{"href":"https:\/\/jeanjeanfilms.fr\/index.php\/wp-json\/wp\/v2\/media?parent=2355"}],"curies":[{"name":"wp","href":"https:\/\/api.w.org\/{rel}","templated":true}]}}