{"id":2382,"date":"2023-11-23T11:19:42","date_gmt":"2023-11-23T10:19:42","guid":{"rendered":"https:\/\/jeanjeanfilms.fr\/?page_id=2382"},"modified":"2023-11-23T11:19:42","modified_gmt":"2023-11-23T10:19:42","slug":"la-robe-a-histoires-2023","status":"publish","type":"page","link":"https:\/\/jeanjeanfilms.fr\/index.php\/captations-teasers\/la-robe-a-histoires-2023\/","title":{"rendered":"La robe \u00e0 histoires (2023)"},"content":{"rendered":"<div id=\"pl-2382\"  class=\"panel-layout\" ><div id=\"pg-2382-0\"  class=\"panel-grid panel-no-style\" ><div id=\"pgc-2382-0-0\"  class=\"panel-grid-cell\" ><div id=\"panel-2382-0-0-0\" class=\"so-panel widget widget_themegrill_flash_heading tg-widget section-title-wrapper panel-first-child panel-last-child\" data-index=\"0\" >\t<h3 class=\"section-title\">La robe \u00e0 histoires : captation et teaser<\/h3>\n<\/div><\/div><\/div><div id=\"pg-2382-1\"  class=\"panel-grid panel-no-style\" ><div id=\"pgc-2382-1-0\"  class=\"panel-grid-cell\" ><div id=\"panel-2382-1-0-0\" class=\"so-panel widget widget_text panel-first-child panel-last-child\" data-index=\"1\" >\t\t\t<div class=\"textwidget\"><p>Captation r\u00e9alis\u00e9e en mai 2023 \u00e0 la salle Genton de la <a href=\"https:\/\/www.mjclaennecmermoz.fr\/\" target=\"_blank\" rel=\"noopener\">MJC La\u00ebnnec-Mermoz<\/a> \u00e0 Lyon.<\/p>\n<p><em>Le robe \u00e0 histoires<\/em> est une pi\u00e8ce de th\u00e9\u00e2tre jeune public du <a href=\"https:\/\/www.collectif-yggdrasil.fr\/\" target=\"_blank\" rel=\"noopener\">Collectif Yggdrasil<\/a>.<\/p>\n<p>Jeu : <strong>Pauline Tanca<\/strong> ou <strong>Madison Vossius<\/strong><br \/>\nMise en sc\u00e8ne : <strong>Lucie Ranson<\/strong> aid\u00e9e par <strong>Camille Hudry<\/strong><br \/>\nId\u00e9e originale et texte : <strong>Lucie Ranson<\/strong><br \/>\nCr\u00e9ation lumi\u00e8res : <strong>Charlie Henry<\/strong><\/p>\n<p>En savoir + sur le spectacle : <a href=\"https:\/\/www.collectif-yggdrasil.fr\/larobe%C3%A0histoires\" target=\"_blank\" rel=\"noopener\">ici<\/a><\/p>\n<\/div>\n\t\t<\/div><\/div><\/div><div id=\"pg-2382-2\"  class=\"panel-grid panel-no-style\" ><div id=\"pgc-2382-2-0\"  class=\"panel-grid-cell\" ><div id=\"panel-2382-2-0-0\" class=\"so-panel widget widget_text panel-first-child panel-last-child\" data-index=\"2\" >\t\t\t<div class=\"textwidget\"><p>&nbsp;<\/p>\n<\/div>\n\t\t<\/div><\/div><\/div><div id=\"pg-2382-3\"  class=\"panel-grid panel-no-style\" ><div id=\"pgc-2382-3-0\"  class=\"panel-grid-cell\" ><div id=\"panel-2382-3-0-0\" class=\"so-panel widget widget_themegrill_flash_heading tg-widget section-title-wrapper panel-first-child panel-last-child\" data-index=\"3\" >\t<h3 class=\"section-title\">Teaser<\/h3>\n<\/div><\/div><\/div><div id=\"pg-2382-4\"  class=\"panel-grid panel-no-style\" ><div id=\"pgc-2382-4-0\"  class=\"panel-grid-cell\" ><div id=\"panel-2382-4-0-0\" class=\"so-panel widget widget_media_video panel-first-child panel-last-child\" data-index=\"4\" ><div style=\"width:100%;\" class=\"wp-video\"><video class=\"wp-video-shortcode\" id=\"video-2382-1\" preload=\"metadata\" controls=\"controls\"><source type=\"video\/youtube\" src=\"https:\/\/youtu.be\/BJxawnmRQy4?_=1\" \/><a href=\"https:\/\/youtu.be\/BJxawnmRQy4\">https:\/\/youtu.be\/BJxawnmRQy4<\/a><\/video><\/div><\/div><\/div><\/div><div id=\"pg-2382-5\"  class=\"panel-grid panel-no-style\" ><div id=\"pgc-2382-5-0\"  class=\"panel-grid-cell\" ><div id=\"panel-2382-5-0-0\" class=\"so-panel widget widget_text panel-first-child panel-last-child\" data-index=\"5\" >\t\t\t<div class=\"textwidget\"><p>&nbsp;<\/p>\n<\/div>\n\t\t<\/div><\/div><\/div><\/div>","protected":false},"excerpt":{"rendered":"<p>Captation r\u00e9alis\u00e9e en mai 2023 \u00e0 la salle Genton de la MJC La\u00ebnnec-Mermoz \u00e0 Lyon. Le robe \u00e0 histoires est [&hellip;]<\/p>\n","protected":false},"author":1,"featured_media":0,"parent":1548,"menu_order":0,"comment_status":"closed","ping_status":"closed","template":"","meta":{"_monsterinsights_skip_tracking":false,"_monsterinsights_sitenote_active":false,"_monsterinsights_sitenote_note":"","_monsterinsights_sitenote_category":0,"footnotes":""},"class_list":["post-2382","page","type-page","status-publish","hentry"],"_links":{"self":[{"href":"https:\/\/jeanjeanfilms.fr\/index.php\/wp-json\/wp\/v2\/pages\/2382","targetHints":{"allow":["GET"]}}],"collection":[{"href":"https:\/\/jeanjeanfilms.fr\/index.php\/wp-json\/wp\/v2\/pages"}],"about":[{"href":"https:\/\/jeanjeanfilms.fr\/index.php\/wp-json\/wp\/v2\/types\/page"}],"author":[{"embeddable":true,"href":"https:\/\/jeanjeanfilms.fr\/index.php\/wp-json\/wp\/v2\/users\/1"}],"replies":[{"embeddable":true,"href":"https:\/\/jeanjeanfilms.fr\/index.php\/wp-json\/wp\/v2\/comments?post=2382"}],"version-history":[{"count":2,"href":"https:\/\/jeanjeanfilms.fr\/index.php\/wp-json\/wp\/v2\/pages\/2382\/revisions"}],"predecessor-version":[{"id":2384,"href":"https:\/\/jeanjeanfilms.fr\/index.php\/wp-json\/wp\/v2\/pages\/2382\/revisions\/2384"}],"up":[{"embeddable":true,"href":"https:\/\/jeanjeanfilms.fr\/index.php\/wp-json\/wp\/v2\/pages\/1548"}],"wp:attachment":[{"href":"https:\/\/jeanjeanfilms.fr\/index.php\/wp-json\/wp\/v2\/media?parent=2382"}],"curies":[{"name":"wp","href":"https:\/\/api.w.org\/{rel}","templated":true}]}}