{"id":2547,"date":"2024-07-14T22:43:16","date_gmt":"2024-07-14T20:43:16","guid":{"rendered":"https:\/\/jeanjeanfilms.fr\/?page_id=2547"},"modified":"2024-07-14T22:43:16","modified_gmt":"2024-07-14T20:43:16","slug":"azzurafa-les-machines-2024-2","status":"publish","type":"page","link":"https:\/\/jeanjeanfilms.fr\/index.php\/clips\/azzurafa-les-machines-2024-2\/","title":{"rendered":"Azzurafa, Les machines (2024)"},"content":{"rendered":"<div id=\"pl-2547\"  class=\"panel-layout\" ><div id=\"pg-2547-0\"  class=\"panel-grid panel-no-style\" ><div id=\"pgc-2547-0-0\"  class=\"panel-grid-cell\" ><div id=\"panel-2547-0-0-0\" class=\"so-panel widget widget_themegrill_flash_heading tg-widget section-title-wrapper panel-first-child panel-last-child\" data-index=\"0\" >\t<h3 class=\"section-title\">Azzurafa | Les machines : projet p\u00e9dagogique<\/h3>\n<\/div><\/div><\/div><div id=\"pg-2547-1\"  class=\"panel-grid panel-no-style\" ><div id=\"pgc-2547-1-0\"  class=\"panel-grid-cell\" ><div id=\"panel-2547-1-0-0\" class=\"so-panel widget widget_text panel-first-child panel-last-child\" data-index=\"1\" >\t\t\t<div class=\"textwidget\"><p>\u00ab Azzurafa | Les machines \u00bb est est un projet initi\u00e9 par le <span class=\"html-span xdj266r x11i5rnm xat24cr x1mh8g0r xexx8yu x4uap5 x18d9i69 xkhd6sd x1hl2dhg x16tdsg8 x1vvkbs\"><span class=\"xt0psk2\">Conservatoire Roannais Agglom\u00e9ration<\/span><\/span>. Il a r\u00e9uni la chor\u00e9graphe <span class=\"html-span xdj266r x11i5rnm xat24cr x1mh8g0r xexx8yu x4uap5 x18d9i69 xkhd6sd x1hl2dhg x16tdsg8 x1vvkbs\"><span class=\"xt0psk2\">Charlotte Mattei<\/span><\/span>, le compositeur <span class=\"html-span xdj266r x11i5rnm xat24cr x1mh8g0r xexx8yu x4uap5 x18d9i69 xkhd6sd x1hl2dhg x16tdsg8 x1vvkbs\"><span class=\"xt0psk2\">J\u00e9r\u00e9mie Esperet,<\/span><\/span>\u00a0les danseurs et danseuses du Conservatoire Roannais Agglom\u00e9ration et de l&rsquo;<span class=\"html-span xdj266r x11i5rnm xat24cr x1mh8g0r xexx8yu x4uap5 x18d9i69 xkhd6sd x1hl2dhg x16tdsg8 x1vvkbs\"><span class=\"xt0psk2\">Ecole de danse Farandoles<\/span><\/span>, les \u00e9l\u00e8ves de la classe de 6\u00e8 du coll\u00e8ge de Renaison et notre association Jeanjean Films. Merci au vid\u00e9aste <span class=\"html-span xdj266r x11i5rnm xat24cr x1mh8g0r xexx8yu x4uap5 x18d9i69 xkhd6sd x1hl2dhg x16tdsg8 x1vvkbs\"><span class=\"xt0psk2\">Thibault Bernard<\/span><\/span> d&rsquo;avoir fait \u00e9quipe avec nous pour le tournage et l&rsquo;\u00e9talonnage de la vid\u00e9o !<\/p>\n<div class=\"xdj266r x11i5rnm xat24cr x1mh8g0r x1vvkbs x126k92a\">\n<div dir=\"auto\">La vid\u00e9o danse a \u00e9t\u00e9 tourn\u00e9e au petit Louvre \u00e0 La Pacaudi\u00e8re (42) en mai 2024 afin d&rsquo;\u00eatre projet\u00e9e lors du spectacle Arruzafa le 22 juin 2024 \u00e0 <span class=\"html-span xdj266r x11i5rnm xat24cr x1mh8g0r xexx8yu x4uap5 x18d9i69 xkhd6sd x1hl2dhg x16tdsg8 x1vvkbs\"><span class=\"xt0psk2\">Roanne.<\/span><\/span><\/div>\n<\/div>\n<div class=\"x11i5rnm xat24cr x1mh8g0r x1vvkbs xtlvy1s x126k92a\">\n<div dir=\"auto\"><\/div>\n<div dir=\"auto\">***********************<\/div>\n<div dir=\"auto\"><\/div>\n<div dir=\"auto\"><strong>Chor\u00e9graphie :<\/strong> Charlotte Mattei<\/div>\n<div dir=\"auto\"><strong>Musique originale :<\/strong> J\u00e9r\u00e9mie Esperet &#8211; La route<\/div>\n<div dir=\"auto\"><strong>R\u00e9alisation :<\/strong> Jeanjean Films<\/div>\n<div dir=\"auto\"><strong>Images et lumi\u00e8res :<\/strong> Thiebault Gu\u00e9rin et Thibault Bernard<\/div>\n<div dir=\"auto\"><strong>Montage :<\/strong> Thiebault Gu\u00e9rin<\/div>\n<div dir=\"auto\"><strong>\u00c9talonnage<\/strong> : Thibault Bernard<\/div>\n<div dir=\"auto\"><\/div>\n<div dir=\"auto\"><strong>Danseurs et danseuses :<\/strong><\/div>\n<div dir=\"auto\"><em>&#8211; Les \u00e9l\u00e8ves du Conservatoire de Roannais Agglom\u00e9ration :<\/em><\/div>\n<div dir=\"auto\">Sanjeevan Cavailles, Ma\u00eft\u00e9 Chantrel, \u00c9ric Maronnier, Tatiana Mrozinsky, Christine Nely Moissonnier.<\/div>\n<div dir=\"auto\"><\/div>\n<div dir=\"auto\"><em>&#8211; Les \u00e9l\u00e8ves de 6\u00e8 du coll\u00e8ge de Renaison :<\/em><\/div>\n<div dir=\"auto\">Emma, Soa, Charles, Jahel, Camille, Marie, Maylie, L\u00e9ana, Emma, \u00c9milie, Mario, Amine, Joy, Camille, B\u00e9r\u00e9nice, Lubin, Alice, Tiffanie, Nolhan, Nathael, Louis, Hugo, Louis, Alexian, L\u00e9o, Loumen, C\u00e9lia, Adrien.<\/div>\n<div dir=\"auto\"><\/div>\n<div dir=\"auto\"><em>&#8211; Les \u00e9l\u00e8ves de la compagnie Farandoles : <\/em><\/div>\n<div dir=\"auto\">Marine Biaggi, Myriam Boulay, Florence Chevat, \u00c9meline Fantini, Thomas Graveleine, Fanny Magne, Christophe Rocher, Cl\u00e9mentine Se\u00eft\u00e9, Mathilde Valero.<\/div>\n<div dir=\"auto\"><\/div>\n<div dir=\"auto\"><strong>Remerciements :<\/strong><\/div>\n<div dir=\"auto\">&#8211; Le Maire de la Pacaudi\u00e8re, Jacques Troncy et la conseill\u00e8re municipale Michelle Ma\u00eetre pour l&rsquo;accueil du tournage au Petit Louvre.<\/div>\n<div dir=\"auto\">&#8211; Laurence Pougnard, professeure d&rsquo;EPS au coll\u00e8ge de Renaison pour l&rsquo;accompagnement de sa classe dans ce projet.<\/div>\n<\/div>\n<\/div>\n\t\t<\/div><\/div><\/div><div id=\"pg-2547-2\"  class=\"panel-grid panel-no-style\" ><div id=\"pgc-2547-2-0\"  class=\"panel-grid-cell\" ><div id=\"panel-2547-2-0-0\" class=\"so-panel widget widget_themegrill_flash_heading tg-widget section-title-wrapper panel-first-child panel-last-child\" data-index=\"2\" >\t<h3 class=\"section-title\">Vid\u00e9o danse (projet p\u00e9dagogique)<\/h3>\n<\/div><\/div><\/div><div id=\"pg-2547-3\"  class=\"panel-grid panel-no-style\" ><div id=\"pgc-2547-3-0\"  class=\"panel-grid-cell\" ><div id=\"panel-2547-3-0-0\" class=\"so-panel widget widget_media_video panel-first-child panel-last-child\" data-index=\"3\" ><div style=\"width:100%;\" class=\"wp-video\"><video class=\"wp-video-shortcode\" id=\"video-2547-1\" preload=\"metadata\" controls=\"controls\"><source type=\"video\/youtube\" src=\"https:\/\/youtu.be\/o0XdcJIzj8M?_=1\" \/><a href=\"https:\/\/youtu.be\/o0XdcJIzj8M\">https:\/\/youtu.be\/o0XdcJIzj8M<\/a><\/video><\/div><\/div><\/div><\/div><\/div>","protected":false},"excerpt":{"rendered":"<p>\u00ab Azzurafa | Les machines \u00bb est est un projet initi\u00e9 par le Conservatoire Roannais Agglom\u00e9ration. Il a r\u00e9uni la [&hellip;]<\/p>\n","protected":false},"author":1,"featured_media":0,"parent":2228,"menu_order":0,"comment_status":"closed","ping_status":"closed","template":"","meta":{"_monsterinsights_skip_tracking":false,"_monsterinsights_sitenote_active":false,"_monsterinsights_sitenote_note":"","_monsterinsights_sitenote_category":0,"footnotes":""},"class_list":["post-2547","page","type-page","status-publish","hentry"],"_links":{"self":[{"href":"https:\/\/jeanjeanfilms.fr\/index.php\/wp-json\/wp\/v2\/pages\/2547","targetHints":{"allow":["GET"]}}],"collection":[{"href":"https:\/\/jeanjeanfilms.fr\/index.php\/wp-json\/wp\/v2\/pages"}],"about":[{"href":"https:\/\/jeanjeanfilms.fr\/index.php\/wp-json\/wp\/v2\/types\/page"}],"author":[{"embeddable":true,"href":"https:\/\/jeanjeanfilms.fr\/index.php\/wp-json\/wp\/v2\/users\/1"}],"replies":[{"embeddable":true,"href":"https:\/\/jeanjeanfilms.fr\/index.php\/wp-json\/wp\/v2\/comments?post=2547"}],"version-history":[{"count":1,"href":"https:\/\/jeanjeanfilms.fr\/index.php\/wp-json\/wp\/v2\/pages\/2547\/revisions"}],"predecessor-version":[{"id":2548,"href":"https:\/\/jeanjeanfilms.fr\/index.php\/wp-json\/wp\/v2\/pages\/2547\/revisions\/2548"}],"up":[{"embeddable":true,"href":"https:\/\/jeanjeanfilms.fr\/index.php\/wp-json\/wp\/v2\/pages\/2228"}],"wp:attachment":[{"href":"https:\/\/jeanjeanfilms.fr\/index.php\/wp-json\/wp\/v2\/media?parent=2547"}],"curies":[{"name":"wp","href":"https:\/\/api.w.org\/{rel}","templated":true}]}}